 the prime factors of 1148951?
29, 39619
What are the prime factors of 155289?
3, 37, 1399
List the prime factors of 26079.
3, 8693
What are the prime factors of 13689637?
13, 109, 9661
What are the prime factors of 11031483?
3, 67, 71, 773
What are the prime factors of 37442377?
7, 2137, 2503
What are the prime factors of 431592?
2, 3, 7, 367
What are the prime factors of 259859?
53, 4903
List the prime factors of 6226949.
1399, 4451
What are the prime factors of 1698542?
2, 849271
What are the prime factors of 376882?
2, 11, 37, 463
List the prime factors of 31898.
2, 41, 389
What are the prime factors of 416233?
19, 1153
What are the prime factors of 166973?
166973
What are the prime factors of 2019654?
2, 3, 7, 13, 137
What are the prime factors of 135256?
2, 11, 29, 53
List the prime factors of 465072.
2, 3, 9689
List the prime factors of 5758133.
5758133
List the prime factors of 289303.
7, 37, 1117
List the prime factors of 5720144.
2, 357509
List the prime factors of 2381927.
107, 113, 197
What are the prime factors of 689387?
157, 4391
List the prime factors of 2671476.
2, 3, 19, 11717
List the prime factors of 9664167.
3, 283, 11383
What are the prime factors of 38861?
38861
What are the prime factors of 1271595?
3, 5, 13, 6521
What are the prime factors of 5033574?
2, 3, 7, 13, 439
What are the prime factors of 1378307?
7, 196901
What are the prime factors of 2671467?
3, 281, 3169
What are the prime factors of 5368797?
3, 7, 31, 2749
List the prime factors of 2150583.
3, 716861
What are the prime factors of 5985433?
103, 58111
List the prime factors of 116305.
5, 7, 3323
List the prime factors of 1391828.
2, 347957
List the prime factors of 22440761.
7, 47, 68209
List the prime factors of 13510450.
2, 5, 270209
List the prime factors of 2568176.
2, 13, 12347
What are the prime factors of 28721535?
3, 5, 1914769
What are the prime factors of 2261669?
53, 139, 307
What are the prime factors of 1501465?
5, 7, 42899
What are the prime factors of 59911?
181, 331
What are the prime factors of 5019869?
5019869
List the prime factors of 229731.
3, 73, 1049
List the prime factors of 2610837.
3, 139, 2087
What are the prime factors of 6296175?
3, 5, 27983
List the prime factors of 789487.
109, 7243
What are the prime factors of 13865203?
11, 1260473
List the prime factors of 12658465.
5, 19, 7013
What are the prime factors of 5798913?
3, 211, 9161
List the prime factors of 33670757.
1489, 22613
What are the prime factors of 8673929?
11, 29, 27191
What are the prime factors of 642982?
2, 59, 5449
List the prime factors of 394183.
401, 983
What are the prime factors of 1276466?
2, 638233
List the prime factors of 3097877.
263, 11779
What are the prime factors of 255928?
2, 31991
List the prime factors of 195322.
2, 61, 1601
What are the prime factors of 5248356?
2, 3, 437363
List the prime factors of 946647.
3, 13, 29, 31
List the prime factors of 349059.
3, 307, 379
List the prime factors of 1118088.
2, 3, 53, 293
What are the prime factors of 4862828?
2, 193, 6299
List the prime factors of 3160683.
3, 23, 15269
List the prime factors of 389707.
79, 4933
What are the prime factors of 14072043?
3, 1061, 4421
List the prime factors of 235327.
139, 1693
What are the prime factors of 3102526?
2, 7, 167, 1327
What are the prime factors of 14402279?
71, 109, 1861
List the prime factors of 4422616.
2, 11, 29, 1733
List the prime factors of 6837630.
2, 3, 5, 113, 2017
List the prime factors of 5965528.
2, 137, 5443
What are the prime factors of 200890?
2, 5, 20089
What are the prime factors of 38906?
2, 7, 397
What are the prime factors of 346062?
2, 3, 137, 421
List the prime factors of 10060222.
2, 5030111
List the prime factors of 3341543.
431, 7753
List the prime factors of 151953.
3, 50651
List the prime factors of 258338.
2, 129169
List the prime factors of 1004673.
3, 334891
List the prime factors of 1087871.
101, 10771
List the prime factors of 5272230.
2, 3, 5, 43, 61, 67
What are the prime factors of 3717832?
2, 17, 27337
List the prime factors of 2006045.
5, 401209
What are the prime factors of 33278?
2, 7, 2377
List the prime factors of 2183727.
3, 7, 13, 19, 421
What are the prime factors of 399494?
2, 19, 10513
List the prime factors of 11191315.
5, 313, 7151
What are the prime factors of 1375783?
1375783
List the prime factors of 81667.
81667
List the prime factors of 44275247.
367, 120641
What are the prime factors of 3686103?
3, 29, 487
List the prime factors of 428069.
29, 509
What are the prime factors of 2213554?
2, 7, 43, 3677
What are the prime factors of 949166?
2, 474583
What are the prime factors of 408922?
2, 204461
List the prime factors of 221035.
5, 44207
What are the prime factors of 3134619?
3, 38699
List the prime factors of 559463.
113, 4951
What are the prime factors of 10880098?
2, 5440049
List the prime factors of 9068379.
3, 251, 12043
What are the prime factors of 49014?
2, 3, 7, 389
What are the prime factors of 1955213?
13, 150401
What are the prime factors of 193570?
2, 5, 13, 1489
What are the prime factors of 80607?
3, 97, 277
List the prime factors of 1148804.
2, 23, 12487
List the prime factors of 37710.
2, 3, 5, 419
List the prime factors of 2279480.
2, 5, 7, 1163
What are the prime factors of 155301?
3, 51767
What are the prime factors of 17912?
2, 2239
What are the prime factors of 467088?
2, 3, 37, 263
What are the prime factors of 1347431?
241, 5591
What are the prime factors of 5552092?
2, 7, 13, 2179
What are the prime factors of 1988221?
1988221
List the prime factors of 1179137.
17, 139, 499
What are the prime factors of 3343859?
1759, 1901
What are the prime factors of 1754669?
7, 19, 79, 167
List the prime factors of 15462720.
2, 3, 5, 7, 13, 59
What are the prime factors of 279806?
2, 31, 4513
What are the prime factors of 3340676?
2, 101, 8269
List the prime factors of 1953728.
2, 7, 89
What are the prime factors of 124186?
2, 31, 2003
List the prime factors of 5707166.
2, 107, 26669
What are the prime factors of 4041146?
2, 23, 59, 1489
List the prime factors of 197017.
271, 727
List the prime factors of 2348281.
13, 31, 5827
List the prime factors of 1965191.
83, 23677
List the prime factors of 1314723.
3, 438241
What are the prime factors of 1855535?
5, 11, 3067
What are the prime factors of 211220?
2, 5, 59, 179
What are the prime factors of 280463?
280463
What are the prime factors of 1016645?
5, 7, 31, 937
What are the prime factors of 2227?
17, 131
What are the prime factors of 1021546?
2, 510773
What are the prime factors of 635036?
2, 158759
What are the prime factors of 325857?
3, 7, 59, 263
List the prime factors of 891057.
3, 297019
What are the prime factors of 723418?
2, 17, 21277
What are the prime factors of 321394?
2, 160697
List the prime factors of 3006200.
2, 5, 15031
What are the prime factors of 49594?
2, 137, 181
List the prime factors of 177511.
177511
What are the prime factors of 212348?
2, 53087
List the prime factors of 86428.
2, 17, 31, 41
List the prime factors of 211756.
2, 167, 317
What are the prime factors of 236106?
2, 3, 13, 1009
List the prime factors of 324783.
3, 23, 523
List the prime factors of 479992.
2, 59999
What are the prime factors of 137640?
2, 3, 5, 31, 37
List the prime factors of 407431.
181, 2251
What are the prime factors of 7875710?
2, 5, 61, 12911
What are the prime factors of 203071?
11, 18461
List the prime factors of 408255.
3, 5, 17, 1601
What are the prime factors of 4553908?
2, 23, 49499
What are the prime factors of 341303?
341303
What are the prime factors of 3435761?
7, 31, 71, 223
What are the prime factors of 1369797?
3, 11, 13, 31, 103
List the prime factors of 1097183.
31, 35393
What are the prime factors of 1166245?
5, 41, 5689
What are the prime factors of 1006880?
2, 5, 7, 29, 31
List the prime factors of 748062.
2, 3, 7, 1979
What are the prime factors of 630686?
2, 7, 19, 2371
List the prime factors of 1942732.
2, 11, 67, 659
What are the prime factors of 9403774?
2, 59, 79693
List the prime factors of 11847990.
2, 3, 5, 7, 11, 23, 223
What are the prime factors of 1575411?
3, 525137
What are the prime factors of 15271902?
2, 3, 31, 3041
What are the prime factors of 408505?
5, 81701
What are the prime factors of 5189